 (base 5) to base 14.
-b
Convert 11001 (base 2) to base 13.
1c
-83 (base 13) to base 15
-72
What is 1 (base 11) in base 4?
1
22 (base 7) to base 5
31
What is 2 (base 7) in base 11?
2
cb (base 16) to base 12
14b
Convert 4f (base 16) to base 11.
72
-73 (base 13) to base 15
-64
What is -34 (base 15) in base 13?
-3a
-6 (base 12) to base 2
-110
Convert 11 (base 2) to base 3.
10
What is -10111 (base 2) in base 7?
-32
6 (base 15) to base 13
6
Convert 0 (base 5) to base 7.
0
What is -29 (base 12) in base 9?
-36
17 (base 10) to base 2
10001
Convert 1011100 (base 2) to base 7.
161
Convert -4 (base 5) to base 4.
-10
What is -a (base 16) in base 11?
-a
What is 1 (base 12) in base 13?
1
Convert -13 (base 12) to base 15.
-10
What is 3 (base 13) in base 4?
3
2 (base 12) to base 2
10
-4 (base 11) to base 10
-4
Convert 12 (base 4) to base 6.
10
24 (base 10) to base 3
220
100 (base 2) to base 7
4
-b (base 12) to base 10
-11
Convert -16 (base 10) to base 2.
-10000
2 (base 16) to base 10
2
6 (base 10) to base 15
6
What is -2 (base 4) in base 8?
-2
What is 9 (base 12) in base 8?
11
Convert 77 (base 8) to base 4.
333
2 (base 13) to base 9
2
1000 (base 2) to base 9
8
10 (base 9) to base 3
100
What is -36 (base 10) in base 4?
-210
-231 (base 4) to base 15
-30
What is 4 (base 15) in base 10?
4
-db (base 14) to base 13
-11b
What is -2 (base 5) in base 13?
-2
-1 (base 5) to base 12
-1
Convert -13 (base 10) to base 7.
-16
What is 4 (base 6) in base 15?
4
What is -4 (base 6) in base 7?
-4
What is 0 (base 15) in base 14?
0
Convert -13 (base 14) to base 5.
-32
Convert 2 (base 11) to base 7.
2
-9 (base 14) to base 9
-10
Convert -10 (base 8) to base 15.
-8
Convert 21 (base 7) to base 10.
15
-131 (base 15) to base 3
-101001
What is -100111 (base 2) in base 6?
-103
What is 0 (base 9) in base 2?
0
Convert 352 (base 7) to base 3.
20211
Convert -31 (base 8) to base 3.
-221
Convert -2 (base 5) to base 15.
-2
What is 0 (base 6) in base 5?
0
Convert -11 (base 16) to base 3.
-122
-2 (base 10) to base 13
-2
What is 4 (base 9) in base 7?
4
-2231 (base 4) to base 6
-445
Convert 0 (base 15) to base 2.
0
101001 (base 2) to base 11
38
-4 (base 12) to base 14
-4
1011 (base 4) to base 12
59
11 (base 14) to base 2
1111
16 (base 13) to base 4
103
What is 2 (base 3) in base 12?
2
-25 (base 9) to base 2
-10111
33 (base 11) to base 13
2a
Convert -32 (base 13) to base 15.
-2b
35 (base 13) to base 4
230
What is 10 (base 2) in base 14?
2
89 (base 10) to base 4
1121
What is -57 (base 15) in base 7?
-145
What is 145 (base 7) in base 10?
82
Convert -10 (base 4) to base 7.
-4
Convert 5 (base 14) to base 11.
5
Convert -12 (base 6) to base 7.
-11
2 (base 15) to base 9
2
What is -25 (base 7) in base 2?
-10011
Convert -1 (base 6) to base 13.
-1
What is -3 (base 8) in base 7?
-3
1101 (base 2) to base 14
d
What is -13 (base 9) in base 4?
-30
What is -4 (base 11) in base 5?
-4
-26 (base 15) to base 3
-1100
What is -4 (base 9) in base 11?
-4
What is -56 (base 13) in base 9?
-78
Convert 51 (base 9) to base 6.
114
What is -13a (base 12) in base 15?
-ca
73 (base 10) to base 4
1021
What is -3a (base 14) in base 5?
-202
What is 121 (base 13) in base 5?
1241
102 (base 5) to base 7
36
What is 100 (base 2) in base 3?
11
-1 (base 14) to base 12
-1
What is -33 (base 4) in base 11?
-14
What is -10 (base 3) in base 11?
-3
Convert -3 (base 11) to base 14.
-3
118 (base 10) to base 2
1110110
Convert 14 (base 11) to base 9.
16
Convert -20 (base 10) to base 3.
-202
-20 (base 15) to base 10
-30
Convert -30 (base 4) to base 6.
-20
0 (base 2) to base 16
0
Convert 23 (base 16) to base 13.
29
What is -16 (base 9) in base 7?
-21
0 (base 4) to base 15
0
Convert -7 (base 9) to base 2.
-111
What is -192 (base 14) in base 6?
-1300
What is 2 (base 9) in base 16?
2
What is 1101 (base 3) in base 7?
52
2 (base 16) to base 8
2
Convert 84 (base 10) to base 3.
10010
Convert 443 (base 5) to base 8.
173
13a (base 11) to base 7
323
What is 10 (base 5) in base 11?
5
What is 51 (base 8) in base 7?
56
3 (base 16) to base 8
3
-9 (base 16) to base 5
-14
28 (base 10) to base 7
40
Convert 10001 (base 2) to base 7.
23
Convert 0 (base 11) to base 7.
0
-1 (base 9) to base 4
-1
What is 134 (base 13) in base 11?
183
-6 (base 11) to base 3
-20
What is -1 (base 10) in base 15?
-1
37 (base 13) to base 5
141
What is -10 (base 10) in base 3?
-101
-3 (base 11) to base 12
-3
31 (base 9) to base 6
44
Convert d1 (base 14) to base 10.
183
1 (base 12) to base 16
1
-20 (base 12) to base 16
-18
10010010 (base 2) to base 9
172
Convert -ad (base 16) to base 2.
-10101101
Convert 178 (base 14) to base 4.
10232
Convert -13 (base 13) to base 5.
-31
Convert -3 (base 16) to base 9.
-3
What is 2 (base 16) in base 8?
2
What is 3 (base 9) in base 12?
3
-2 (base 12) to base 9
-2
-2 (base 16) to base 15
-2
What is 3 (base 6) in base 16?
3
Convert -111 (base 8) to base 16.
-49
What is 11011 (base 2) in base 11?
25
What is 1 (base 9) in base 7?
1
Convert 21 (base 10) to base 6.
33
Convert 20100 (base 3) to base 2.
10101011
Convert -5 (base 8) to base 14.
-5
What is 11100 (base 2) in base 9?
31
Convert 1 (base 15) to base 3.
1
What is -1 (base 8) in base 14?
-1
Convert 4 (base 9) to base 5.
4
What is -414 (base 5) in base 14?
-7b
What is 1111 (base 5) in base 2?
10011100
What is 10 (base 8) in base 13?
8
Convert -1a (base 13) to base 16.
-17
21 (base 16) to base 4
201
What is 1c (base 13) in base 3?
221
What is -44 (base 14) in base 8?
-74
Convert -8 (base 9) to base 6.
-12
Convert -120 (base 5) to base 16.
-23
4 (base 5) to base 8
4
-47 (base 10) to base 2
-101111
What is 154 (base 10) in base 8?
232
Convert -12 (base 8) to base 14.
-a
13 (base 5) to base 15
8
What is 22 (base 3) in base 8?
10
What is -1 (base 16) in base 8?
-1
Convert 6 (base 8) to base 10.
6
Convert -110 (base 5) to base 15.
-20
Convert 3 (base 4) to base 10.
3
-76 (base 15) to base 5
-421
Convert 1 (base 15) to base 8.
1
What is 8 (base 10) in base 3?
22
Convert 1 (base 4) to base 2.
1
Convert 0 (base 6) to base 13.
0
What is 10 (base 5) in base 16?
5
Convert 3 (base 14) to base 3.
10
Convert 36 (base 7) to base 3.
1000
Convert -1001 (base 2) to base 12.
-9
Convert 0 (base 10) to base 4.
0
Convert -140 (base 12) to base 8.
-300
What is -1b (base 13) in base 5?
-44
Convert 73 (base 11) to base 7.
143
What is -1 (base 10) in base 3?
-1
Convert 334 (base 7) to base 11.
147
-132 (base 5) to base 14
-30
-22 (base 12) to base 6
-42
21 (base 10) to base 4
111
Convert -15 (base 16) to base 3.
-210
164 (base 14) to base 13
18b
Convert 28 (base 9) to base 8.
32
Convert 5 (base 12) to base 8.
5
What is 5b (base 13) in base 12?
64
Convert 2d (base 16) to base 7.
63
230 (base 9) to base 12
139
What is 24 (base 5) in base 14?
10
Convert 1 (base 16) to base 12.
1
-1 (base 16) to base 12
-1
-5 (base 9) to base 3
-12
Convert 0 (base 9) to base 8.
0
What is -20100 (base 3) in base 11?
-146
What is -67 (base 16) in base 9?
-124
2 (base 6) to base 14
2
-9 (base 16) to base 13
-9
Convert -2 (base 5) to base 7.
-2
Convert 26 (base 16) to base 4.
212
What is 2 (base 13) in base 11?
2
What is 4 (base 16) in base 10?
4
-62 (base 12) to base 3
-2202
-327 (base 9) to base 16
-10c
Convert -c (base 13) to base 6.
-20
-64 (base 8) to base 6
-124
Convert -4 (base 5) to base 10.
-4
What is -40 (base 5) in base 3?
-202
Convert -3 (base 7) to base 14.
-3
Convert -11 (base 4) to base 5.
-10
123 (base 7) to base 6
150
Convert -2 (base 4) to base 3.
-2
20 (base 4) to base 2
1000
Convert 2 (base 10) to base 14.
2
What is -13 (base 10) in base 2?
-1101
2 (base 12) to base 10
2
Convert 4 (base 15) to base 4.
10
What is 40 (base 10) in base 5?
130
14 (base 12) to base 9
17
Convert -2 (base 13) to base 15.
-2
Convert -9e (base 16) to base 15.
-a8
-6 (base 9) to base 5
-11
3001 (base 5) to base 8
570
Convert d (base 15) to base 5.
23
Convert -a (base 16) to base 6.
-14
Convert -2 (base 11) to base 12.
-2
Convert -6 (base 7) to base 6.
-10
What is -5b (base 12) in base 10?
-71
Convert 9 (base 13) to base 8.
11
What is 28 (base 9) in base 8?
32
Convert 310 (base 7) to base 9.
181
Convert 332 (base 5) to base 13.
71
What is 43 (base 9) in base 14?
2b
What is -5 (base 12) in base 8?
-5
Convert 22 (base 6) to base 5.
24
Convert -201 (base 9) to base 11.
-139
W